the highest common divisor of 9210067 and 2?
1
What is the highest common factor of 6023 and 45539903?
6023
Calculate the greatest common factor of 269731 and 948507.
217
What is the greatest common divisor of 32 and 9923364?
4
What is the greatest common factor of 37252752 and 24?
24
Calculate the greatest common factor of 16247 and 8312556.
1477
What is the highest common factor of 173074176 and 7920?
1584
What is the greatest common divisor of 40320 and 61147520?
4480
What is the greatest common divisor of 1515 and 4527426?
303
What is the greatest common factor of 1165869 and 27?
9
What is the greatest common factor of 1877205 and 26355?
15
Calculate the highest common divisor of 425089 and 5019.
7
Calculate the greatest common factor of 955923309 and 6831.
6831
Calculate the greatest common factor of 52074 and 4873.
11
What is the greatest common divisor of 86 and 65691229?
43
What is the highest common factor of 36403641 and 2511?
837
What is the highest common divisor of 113373257 and 2586?
431
Calculate the greatest common factor of 204820 and 766213.
931
What is the greatest common divisor of 15623168 and 1664?
128
What is the greatest common factor of 156399 and 7881?
111
Calculate the highest common factor of 2974264 and 14539.
2077
Calculate the highest common factor of 1312 and 488105.
41
Calculate the highest common divisor of 334828 and 1581268.
2444
What is the highest common factor of 770046103 and 11944?
1493
Calculate the greatest common divisor of 238 and 1919078.
14
What is the greatest common factor of 19026 and 5446?
14
Calculate the greatest common factor of 7132041 and 92351.
553
What is the greatest common divisor of 1 and 5310011?
1
What is the greatest common divisor of 244913184 and 72?
72
Calculate the highest common divisor of 3501321 and 267.
3
Calculate the highest common divisor of 1323761 and 3721.
61
What is the greatest common divisor of 9013808 and 32?
16
What is the greatest common divisor of 708 and 1829671656?
708
What is the greatest common divisor of 4428 and 6742737?
1107
Calculate the highest common divisor of 99760 and 7752040.
1720
What is the greatest common factor of 9222 and 20402370?
174
What is the highest common factor of 29661104 and 48?
16
Calculate the greatest common divisor of 1045 and 1314800.
95
Calculate the greatest common divisor of 634 and 3735211.
317
Calculate the highest common divisor of 69118560 and 6300.
1260
Calculate the greatest common divisor of 301 and 165465419.
301
What is the greatest common divisor of 2702079 and 12?
3
What is the greatest common factor of 5850 and 333378?
18
What is the greatest common divisor of 11112 and 44604?
12
What is the greatest common factor of 727864 and 296?
296
What is the highest common factor of 165 and 79385565?
15
Calculate the greatest common divisor of 37807 and 16093.
77
Calculate the highest common factor of 463775 and 101725.
325
Calculate the highest common factor of 64761502 and 15882.
5294
What is the highest common factor of 3897428 and 4042?
94
What is the highest common factor of 22376200 and 7425?
275
Calculate the highest common factor of 6976 and 13136.
16
Calculate the greatest common factor of 729 and 212028921.
729
What is the highest common divisor of 11887663 and 331444?
1927
Calculate the greatest common divisor of 8905960 and 24140.
340
Calculate the greatest common divisor of 942 and 7718120.
314
What is the highest common divisor of 64108191 and 63?
21
Calculate the highest common divisor of 1310952 and 108.
12
What is the greatest common factor of 26445490 and 470?
470
What is the greatest common divisor of 2650617456 and 48?
48
What is the greatest common factor of 114 and 1903686?
114
Calculate the greatest common divisor of 962369366 and 292.
146
What is the highest common divisor of 46 and 154721023?
23
What is the highest common factor of 173405 and 26465?
395
Calculate the greatest common divisor of 64 and 5969456.
16
What is the greatest common divisor of 36859770 and 1850?
370
Calculate the greatest common divisor of 95527224 and 2808.
936
Calculate the greatest common divisor of 29 and 53226977.
29
Calculate the greatest common divisor of 103761 and 835517.
61
What is the greatest common divisor of 45712335 and 933?
933
Calculate the greatest common factor of 226490152 and 196.
196
What is the greatest common divisor of 23643 and 736767?
639
What is the highest common factor of 2648 and 4562835?
331
What is the highest common factor of 38426755 and 135?
5
Calculate the greatest common divisor of 1418 and 161674688.
1418
What is the highest common divisor of 3064 and 2975527?
383
What is the highest common divisor of 82767 and 4083?
3
Calculate the highest common factor of 51997172 and 236.
236
Calculate the greatest common factor of 16197 and 10770.
3
What is the greatest common factor of 73360 and 590155?
655
What is the highest common divisor of 563811 and 71355?
213
What is the greatest common divisor of 532 and 4574155?
19
Calculate the highest common factor of 36300 and 25720.
20
Calculate the greatest common divisor of 2471 and 5436553.
353
What is the greatest common factor of 121300 and 90340?
20
Calculate the highest common factor of 265990 and 848220.
670
What is the greatest common divisor of 533351 and 72527?
91
Calculate the greatest common factor of 5095 and 39652347.
1019
Calculate the highest common factor of 24284 and 17527444.
1868
Calculate the greatest common factor of 1916895 and 671865.
705
Calculate the greatest common divisor of 4377993 and 7650.
51
Calculate the highest common divisor of 810 and 2242430.
10
Calculate the greatest common factor of 3176 and 185399.
397
Calculate the highest common divisor of 49691361 and 141.
141
Calculate the greatest common divisor of 908 and 366151.
227
Calculate the greatest common divisor of 11301150 and 112800.
7050
Calculate the greatest common factor of 190528 and 17004.
52
What is the highest common factor of 116988 and 34488?
12
What is the highest common factor of 14776966 and 2?
2
Calculate the greatest common divisor of 15152366 and 124.
62
Calculate the greatest common factor of 2169 and 22617609.
723
Calculate the greatest common factor of 20720 and 176305.
185
What is the highest common factor of 511726 and 487232?
662
What is the highest common divisor of 628000 and 34250?
250
What is the highest common divisor of 644622 and 44616?
66
Calculate the greatest common divisor of 124232586 and 2637.
879
What is the greatest common factor of 252 and 2332652?
28
What is the greatest common divisor of 37287 and 1032988?
1381
Calculate the greatest common divisor of 78000780 and 264.
132
What is the greatest common divisor of 1053 and 1919871?
9
What is the highest common factor of 130865126 and 28?
14
What is the highest common factor of 3090 and 64516110?
3090
Calculate the greatest common factor of 29592915 and 165.
165
Calculate the highest common divisor of 3242816 and 1150.
46
What is the greatest common divisor of 150 and 3946400?
50
Calculate the greatest common divisor of 20572 and 10988228.
556
What is the greatest common factor of 195 and 2013115?
65
Calculate the highest common divisor of 162960 and 270600.
120
Calculate the highest common factor of 1716 and 2967756.
132
Calculate the highest common factor of 47902 and 364210.
86
Calculate the highest common divisor of 138 and 57946269.
69
Calculate the greatest common divisor of 32 and 16229.
1
Calculate the highest common factor of 906798 and 33534.
138
What is the highest common divisor of 2033 and 60163211?
107
Calculate the greatest common factor of 27654636 and 24.
12
What is the greatest common factor of 2181968184 and 132?
132
Calculate the greatest common factor of 2225360 and 30760.
40
Calculate the highest common factor of 492507047 and 164.
41
Calculate the highest common divisor of 2752 and 1114112.
64
What is the highest common factor of 33 and 324427829?
11
Calculate the greatest common divisor of 7281336 and 600.
24
What is the highest common divisor of 49099697 and 841?
29
Calculate the greatest common divisor of 19594149 and 38.
19
What is the greatest common factor of 2520566832 and 336?
336
Calculate the highest common factor of 500 and 3941530.
10
C